{"id":155,"date":"2017-04-21T08:41:49","date_gmt":"2017-04-21T08:41:49","guid":{"rendered":"http:\/\/rnbtheme.com\/twelve\/?page_id=2"},"modified":"2017-10-25T04:39:09","modified_gmt":"2017-10-25T04:39:09","slug":"twelve-layout","status":"publish","type":"page","link":"https:\/\/eko-ma.eu\/","title":{"rendered":"Domov"},"content":{"rendered":"<p>[vc_row dfd_row_config=&#8221;full_width_content&#8221;][vc_column dfd_column_responsive_enable=&#8221;dfd-column-responsive-enable&#8221; responsive_styles=&#8221;padding_left_mobile:0|padding_right_mobile:0&#8243;][rev_slider_vc alias=&#8221;twelfth&#8221;][\/vc_column][\/vc_row][vc_row dfd_row_config=&#8221;full_width_content_paddings&#8221; dfd_row_responsive_enable=&#8221;dfd-row-responsive-enable&#8221; css=&#8221;.vc_custom_1500291521138{padding-right: 5% !important;padding-left: 5% !important;}&#8221; responsive_styles=&#8221;padding_left_tablet:20|padding_right_tablet:20|padding_left_mobile:10|padding_right_mobile:10&#8243;][vc_column]<div class=\"dfd-spacer-module\"  data-units=\"px\" data-wide_resolution=\"1280\" data-wide_size=\"60\" data-normal_resolution=\"1024\" data-normal_size=\"60\" data-tablet_resolution=\"800\" data-tablet_size=\"60\" data-mobile_resolution=\"480\" data-mobile_size=\"50\" style=\"height: 60px;\"><\/div>[\/vc_column][vc_column width=&#8221;1\/4&#8243;][\/vc_column][vc_column width=&#8221;1\/2&#8243;]<div class=\"dfd-heading-shortcode\"><div class=\"dfd-heading-module-wrap  text-center style_02 cr-animate-gen dfd-heading-69debf1e97dbb dfd-disable-resposive-headings\" id=\"dfd-heading-69debf1e97dbb\" data-animate-type = \"transition.expandIn\" ><div class=\"inline-block\"><div class=\"dfd-heading-module\"><h3 class=\"widget-sub-title dfd-sub-title \" style=\"\">Znanje + tradicija = zaupanje!<\/h3><h5 class=\"widget-title dfd-title \" style=\"\">O PODJETJU<\/h5><div class=\"dfd-heading-delimiter\"><\/div><\/div><\/div><\/div><script type=\"text\/javascript\">\r\n\t\t\t\t\t\t\t\t\t(function($) {\r\n\t\t\t\t\t\t\t\t\t\t$(\"head\").append(\"<style>.dfd-heading-69debf1e97dbb.dfd-heading-module-wrap .dfd-heading-module .dfd-heading-delimiter {border-bottom-style:dotted;border-bottom-width:1px;width:550px;border-bottom-color:#cccccc;}.dfd-heading-69debf1e97dbb.dfd-heading-module-wrap .dfd-heading-module .dfd-heading-delimiter {margin-top:20px;margin-bottom:0px;}@media (max-width: 799px){.dfd-heading-69debf1e97dbb .dfd-title{letter-spacing: 3px !important;}}<\/style>\");\r\n\t\t\t\t\t\t\t\t\t})(jQuery);\r\n\t\t\t\t\t\t\t\t<\/script><\/div><div class=\"dfd-spacer-module\"  data-units=\"px\" data-wide_resolution=\"1280\" data-wide_size=\"50\" data-normal_resolution=\"1024\" data-normal_size=\"50\" data-tablet_resolution=\"800\" data-tablet_size=\"30\" data-mobile_resolution=\"480\" data-mobile_size=\"30\" style=\"height: 50px;\"><\/div>[\/vc_column][vc_column width=&#8221;1\/4&#8243;][\/vc_column][vc_column]<div class=\"dfd-spacer-module\"  data-units=\"px\" data-wide_resolution=\"1280\" data-wide_size=\"15\" data-normal_resolution=\"1024\" data-normal_size=\"15\" data-tablet_resolution=\"800\" data-tablet_size=\"11\" data-mobile_resolution=\"480\" data-mobile_size=\"10\" style=\"height: 15px;\"><\/div>[vc_column_text]Smo uspe\u0161no trgovsko podjetje in za nas \u017ee dolgo ne obstajajo meje, tudi tiste navidezne ne. Gospodarsko povezujemo Evropo, se posebej mo\u010dno vez smo vzpostavili na relaciji SLOVENIJA-NEM\u010cIJA. Trgujemo s polproizvodi, kon\u010dnimi proizvodi in surovinami, na podro\u010djih metalurgija (ulitki, jeklo, nerjave\u010de jeklo, aluminij), plastika, kompoziti in specialni materiali.<\/p>\n<p>Na\u0161e poslanstvo in izziv so ni\u0161ni produkti, ki jih razvijamo skupaj s kupci in proizvajalci\/dobavitelji. Zagotavljamo izdelke najbolj\u0161e kakovosti in nudimo kupcem celostno re\u0161itev. Znanje, zanesljivost in korektnost so vrednote, s pomo\u010djo katerih smo postali to, kar danes smo. Gradimo uspe\u0161ne in kvalitetne poslovne odnose, kar lahko potrdijo \u0161tevilni kupci na trgih EU.<\/p>\n<p>Izku\u0161nje na\u0161ih sodelavcev segajo v za\u010detek 90-ih let in dobro poznamo evropski trg, posebej smo se specializirali za tr\u017ei\u0161\u010di Slovenije in Nem\u010dije. [\/vc_column_text]<div class=\"dfd-spacer-module\"  data-units=\"px\" data-wide_resolution=\"1280\" data-wide_size=\"70\" data-normal_resolution=\"1024\" data-normal_size=\"55\" data-tablet_resolution=\"800\" data-tablet_size=\"50\" data-mobile_resolution=\"480\" data-mobile_size=\"40\" style=\"height: 70px;\"><\/div>[\/vc_column][\/vc_row][vc_row dfd_row_config=&#8221;full_width_content_paddings&#8221; dfd_row_responsive_enable=&#8221;dfd-row-responsive-enable&#8221; css=&#8221;.vc_custom_1500292233817{padding-right: 5% !important;padding-left: 5% !important;}&#8221; responsive_styles=&#8221;padding_left_tablet:20|padding_right_tablet:20|padding_left_mobile:10|padding_right_mobile:10&#8243;][vc_column width=&#8221;1\/2&#8243;]<div id=\"dfd-single-image-module69debf1e9839e-1720\" class=\"dfd-single-image-module  image-left \" ><img loading=\"lazy\" decoding=\"async\" src=\"https:\/\/eko-ma.eu\/wp-content\/uploads\/2017\/04\/Ekoma_metalurgija2.jpg\" width=\"640\" height=\"360\"  alt=\"Image module\" \/><\/div>[vc_row_inner][vc_column_inner css=&#8221;.vc_custom_1493019729417{margin-top: -10px !important;}&#8221;]<div class=\"dfd-heading-shortcode\"><div class=\"dfd-heading-module-wrap  text-left style_01 cr-animate-gen dfd-heading-69debf1e9844c dfd-disable-resposive-headings\" id=\"dfd-heading-69debf1e9844c\" data-animate-type = \"transition.fadeIn\" ><div class=\"inline-block\"><div class=\"dfd-heading-module\"><h1 class=\"widget-title dfd-title \" style=\"color: #948f79 !important; line-height: 1px; \">01<\/h1><\/div><\/div><\/div><script type=\"text\/javascript\">\r\n\t\t\t\t\t\t\t\t\t(function($) {\r\n\t\t\t\t\t\t\t\t\t\t$(\"head\").append(\"<style>.dfd-heading-69debf1e9844c.dfd-heading-module-wrap .dfd-heading-module .dfd-heading-delimiter {margin-top:10px;margin-bottom:10px;}@media (max-width: 1023px) and (min-width: 800px){.dfd-heading-69debf1e9844c .dfd-title{font-size: 50px !important;}}<\/style>\");\r\n\t\t\t\t\t\t\t\t\t})(jQuery);\r\n\t\t\t\t\t\t\t\t<\/script><\/div><div class=\"dfd-spacer-module\"  data-units=\"px\" data-wide_resolution=\"1280\" data-wide_size=\"35\" data-normal_resolution=\"1024\" data-normal_size=\"35\" data-tablet_resolution=\"800\" data-tablet_size=\"35\" data-mobile_resolution=\"480\" data-mobile_size=\"25\" style=\"height: 35px;\"><\/div><div id=\"idinfobox69debf1e98719\" class=\"dfd-info-box clearfix style-01 layout-06  idinfobox69debf1e98719 cr-animate-gen\" data-animate-item=\".dfd-animate-container\" data-animate-type = \"transition.slideDownIn\" ><div class=\"dfd-animate-container\"><div class=\"content-wrap ovh\"><div class=\"info-box-title feature-title\" style=\"\">Metalurgija<\/div><\/div><div class=\"clear ovh\"><div class=\"description\" style=\"\">&#8211; ulitki za razli\u010dne panoge v industriji: nodularna litina, siva litina, aluminij,<br \/>\n&#8211; komunalni pokrovi in re\u0161etke,<br \/>\n&#8211; aluminijevi ulitki in aluminij kot surovina v ingotih,<br \/>\n&#8211; jekla in nerjavna jekla.<\/div><div><div class=\"dfd-module-readmore\"><a href=\"https:\/\/eko-ma.eu\/index.php\/prodajni-program\/\"   class=\"read-more-05 \" ><i class=\"dfd-icon-down_right\"><\/i><span>Ve\u010d<\/span><i class=\"dfd-icon-down_right\"><\/i><\/a><\/div><\/div><\/div>\t\t\t\t\t<script>\r\n\t\t\t\t\t\t(function($){\r\n\t\t\t\t\t\t\t$('head').append('<style type=\"text\/css\"> .idinfobox69debf1e98719 .description, #idinfobox69debf1e98719 .description {padding-top: 10px;}<\/style>');\r\n\t\t\t\t\t\t})(jQuery)\r\n\t\t\t\t\t<\/script>\r\n\r\n\t\t\t\t<\/div><\/div><div class=\"dfd-spacer-module\"  data-units=\"px\" data-wide_resolution=\"1280\" data-wide_size=\"\" data-normal_resolution=\"1024\" data-normal_size=\"\" data-tablet_resolution=\"800\" data-tablet_size=\"\" data-mobile_resolution=\"480\" data-mobile_size=\"45\" style=\"height: px;\"><\/div>[\/vc_column_inner][\/vc_row_inner][\/vc_column][vc_column width=&#8221;1\/2&#8243;]<div id=\"dfd-single-image-module69debf1e98a1b-3846\" class=\"dfd-single-image-module  image-left \" ><img loading=\"lazy\" decoding=\"async\" src=\"https:\/\/eko-ma.eu\/wp-content\/uploads\/2017\/04\/Kompositen2.jpg\" width=\"640\" height=\"360\"  alt=\"Image module\" \/><\/div>[vc_row_inner][vc_column_inner css=&#8221;.vc_custom_1508870944390{margin-top: -10px !important;}&#8221;]<div class=\"dfd-heading-shortcode\"><div class=\"dfd-heading-module-wrap  text-left style_01 cr-animate-gen dfd-heading-69debf1e98acc dfd-disable-resposive-headings\" id=\"dfd-heading-69debf1e98acc\" data-animate-type = \"transition.fadeIn\" ><div class=\"inline-block\"><div class=\"dfd-heading-module\"><h1 class=\"widget-title dfd-title \" style=\"color: #948f79 !important; line-height: 1px; \">02<\/h1><\/div><\/div><\/div><script type=\"text\/javascript\">\r\n\t\t\t\t\t\t\t\t\t(function($) {\r\n\t\t\t\t\t\t\t\t\t\t$(\"head\").append(\"<style>.dfd-heading-69debf1e98acc.dfd-heading-module-wrap .dfd-heading-module .dfd-heading-delimiter {margin-top:10px;margin-bottom:10px;}@media (max-width: 1023px) and (min-width: 800px){.dfd-heading-69debf1e98acc .dfd-title{font-size: 50px !important;}}<\/style>\");\r\n\t\t\t\t\t\t\t\t\t})(jQuery);\r\n\t\t\t\t\t\t\t\t<\/script><\/div><div class=\"dfd-spacer-module\"  data-units=\"px\" data-wide_resolution=\"1280\" data-wide_size=\"35\" data-normal_resolution=\"1024\" data-normal_size=\"35\" data-tablet_resolution=\"800\" data-tablet_size=\"35\" data-mobile_resolution=\"480\" data-mobile_size=\"25\" style=\"height: 35px;\"><\/div><div id=\"idinfobox69debf1e98d69\" class=\"dfd-info-box clearfix style-01 layout-06  idinfobox69debf1e98d69 cr-animate-gen\" data-animate-item=\".dfd-animate-container\" data-animate-type = \"transition.slideDownIn\" ><div class=\"dfd-animate-container\"><div class=\"content-wrap ovh\"><div class=\"info-box-title feature-title\" style=\"\">Tehni\u010dni izdelki<\/div><\/div><div class=\"clear ovh\"><div class=\"description\" style=\"\">&#8211; specializirani polizdelki in izdelki iz kompozitov,<br \/>\n&#8211; kovinske konstrukcije in naprave, med drugim komunalne naprave, kmetijsko orodje in izdelki na kmetijskem podro\u010dju,<br \/>\n&#8211; plasti\u010dni izdelki in polizdelki, proizvedeni po postopkih brizganja,<br \/>\n&#8211; plasti\u010dni izdelki, proizvedeni po rotirajo\u010dem postopku.<\/div><div><div class=\"dfd-module-readmore\"><a href=\"https:\/\/eko-ma.eu\/index.php\/prodajni-program\/\"   class=\"read-more-05 \" ><i class=\"dfd-icon-down_right\"><\/i><span>Read more<\/span><i class=\"dfd-icon-down_right\"><\/i><\/a><\/div><\/div><\/div>\t\t\t\t\t<script>\r\n\t\t\t\t\t\t(function($){\r\n\t\t\t\t\t\t\t$('head').append('<style type=\"text\/css\"> .idinfobox69debf1e98d69 .description, #idinfobox69debf1e98d69 .description {padding-top: 10px;}<\/style>');\r\n\t\t\t\t\t\t})(jQuery)\r\n\t\t\t\t\t<\/script>\r\n\r\n\t\t\t\t<\/div><\/div><div class=\"dfd-spacer-module\"  data-units=\"px\" data-wide_resolution=\"1280\" data-wide_size=\"\" data-normal_resolution=\"1024\" data-normal_size=\"\" data-tablet_resolution=\"800\" data-tablet_size=\"\" data-mobile_resolution=\"480\" data-mobile_size=\"45\" style=\"height: px;\"><\/div>[\/vc_column_inner][\/vc_row_inner][\/vc_column][\/vc_row][vc_row][vc_column][\/vc_column][\/vc_row]<\/p>\n","protected":false},"excerpt":{"rendered":"<p>[vc_row dfd_row_config=&#8221;full_width_content&#8221;][vc_column dfd_column_responsive_enable=&#8221;dfd-column-responsive-enable&#8221; responsive_styles=&#8221;padding_left_mobile:0|padding_right_mobile:0&#8243;][rev_slider_vc alias=&#8221;twelfth&#8221;][\/vc_column][\/vc_row][vc_row dfd_row_config=&#8221;full_width_content_paddings&#8221; dfd_row_responsive_enable=&#8221;dfd-row-responsive-enable&#8221; css=&#8221;.vc_custom_1500291521138{padding-right: 5% !important;padding-left: 5% !important;}&#8221; responsive_styles=&#8221;padding_left_tablet:20|padding_right_tablet:20|padding_left_mobile:10|padding_right_mobile:10&#8243;][vc_column][\/vc_column][vc_column width=&#8221;1\/4&#8243;][\/vc_column][vc_column width=&#8221;1\/2&#8243;][\/vc_column][vc_column width=&#8221;1\/4&#8243;][\/vc_column][vc_column][vc_column_text]Smo uspe\u0161no trgovsko podjetje in za nas \u017ee dolgo ne obstajajo meje, tudi tiste navidezne<\/p>\n","protected":false},"author":1,"featured_media":0,"parent":0,"menu_order":0,"comment_status":"closed","ping_status":"open","template":"page-custom.php","meta":{"_acf_changed":false,"footnotes":""},"class_list":["post-155","page","type-page","status-publish","hentry"],"acf":[],"_links":{"self":[{"href":"https:\/\/eko-ma.eu\/index.php\/wp-json\/wp\/v2\/pages\/155","targetHints":{"allow":["GET"]}}],"collection":[{"href":"https:\/\/eko-ma.eu\/index.php\/wp-json\/wp\/v2\/pages"}],"about":[{"href":"https:\/\/eko-ma.eu\/index.php\/wp-json\/wp\/v2\/types\/page"}],"author":[{"embeddable":true,"href":"https:\/\/eko-ma.eu\/index.php\/wp-json\/wp\/v2\/users\/1"}],"replies":[{"embeddable":true,"href":"https:\/\/eko-ma.eu\/index.php\/wp-json\/wp\/v2\/comments?post=155"}],"version-history":[{"count":24,"href":"https:\/\/eko-ma.eu\/index.php\/wp-json\/wp\/v2\/pages\/155\/revisions"}],"predecessor-version":[{"id":18159,"href":"https:\/\/eko-ma.eu\/index.php\/wp-json\/wp\/v2\/pages\/155\/revisions\/18159"}],"wp:attachment":[{"href":"https:\/\/eko-ma.eu\/index.php\/wp-json\/wp\/v2\/media?parent=155"}],"curies":[{"name":"wp","href":"https:\/\/api.w.org\/{rel}","templated":true}]}}